alculate the remainder when 433891 is divided by 5397.
2131
Calculate the remainder when 61993353 is divided by 14.
9
What is the remainder when 154582 is divided by 5520?
22
Calculate the remainder when 7563 is divided by 6182.
1381
What is the remainder when 975178 is divided by 1748?
1542
Calculate the remainder when 2110404 is divided by 117.
75
What is the remainder when 1322414 is divided by 146933?
17
Calculate the remainder when 16037275 is divided by 2291038.
9
What is the remainder when 24628956 is divided by 127?
100
What is the remainder when 235145586 is divided by 792?
786
Calculate the remainder when 125438 is divided by 1324.
982
What is the remainder when 116726911 is divided by 418?
411
What is the remainder when 37698952 is divided by 5160?
5152
What is the remainder when 50179110 is divided by 28?
2
Calculate the remainder when 711343 is divided by 32333.
17
What is the remainder when 624624 is divided by 359?
323
Calculate the remainder when 181546324 is divided by 60515440.
4
Calculate the remainder when 193678 is divided by 15592.
6574
What is the remainder when 47759017 is divided by 2208?
2185
What is the remainder when 1995524 is divided by 498874?
28
What is the remainder when 24488 is divided by 574?
380
What is the remainder when 9258743 is divided by 339?
314
What is the remainder when 368104284 is divided by 30?
24
What is the remainder when 216459 is divided by 5280?
5259
What is the remainder when 5826896 is divided by 3709?
57
Calculate the remainder when 1402088 is divided by 50072.
72
Calculate the remainder when 15246 is divided by 81.
18
Calculate the remainder when 6554963 is divided by 6554712.
251
Calculate the remainder when 11385 is divided by 1607.
136
Calculate the remainder when 279053 is divided by 7745.
233
Calculate the remainder when 1202251 is divided by 240445.
26
What is the remainder when 2359364 is divided by 405?
239
What is the remainder when 43548680 is divided by 256?
8
What is the remainder when 1009542 is divided by 336049?
1395
What is the remainder when 8004598 is divided by 225?
223
What is the remainder when 51750663 is divided by 52063?
41
What is the remainder when 5446959 is divided by 67?
60
What is the remainder when 1050440 is divided by 349704?
1328
Calculate the remainder when 1125846 is divided by 25.
21
What is the remainder when 2255751 is divided by 16346?
3
What is the remainder when 306694 is divided by 306619?
75
What is the remainder when 5525448 is divided by 1801?
1781
Calculate the remainder when 1248715 is divided by 16213.
314
Calculate the remainder when 1711642 is divided by 994.
968
What is the remainder when 33876858 is divided by 16025?
8
What is the remainder when 60783 is divided by 30328?
127
What is the remainder when 41765036 is divided by 2556?
2552
Calculate the remainder when 2542001 is divided by 33.
11
What is the remainder when 767346 is divided by 1073?
151
What is the remainder when 641418 is divided by 164?
14
What is the remainder when 35582 is divided by 239?
210
Calculate the remainder when 1529644 is divided by 295.
69
What is the remainder when 9796711 is divided by 81?
4
What is the remainder when 4153005 is divided by 96?
45
What is the remainder when 4913 is divided by 1609?
86
Calculate the remainder when 19610303 is divided by 52.
11
Calculate the remainder when 1393642 is divided by 464534.
40
What is the remainder when 46136 is divided by 1344?
440
What is the remainder when 67290 is divided by 13458?
0
What is the remainder when 3623891 is divided by 1835?
1601
What is the remainder when 47652301 is divided by 1074?
1069
Calculate the remainder when 1201776 is divided by 600873.
30
Calculate the remainder when 129758 is divided by 4634.
6
What is the remainder when 3280681 is divided by 1016?
17
What is the remainder when 1190196 is divided by 45739?
982
What is the remainder when 222319 is divided by 527?
452
What is the remainder when 47722570 is divided by 867683?
5
What is the remainder when 557342 is divided by 23?
6
What is the remainder when 18519672 is divided by 11224?
72
What is the remainder when 1848326610 is divided by 21?
18
Calculate the remainder when 518508 is divided by 517756.
752
Calculate the remainder when 70242 is divided by 6988.
362
Calculate the remainder when 153382642 is divided by 824.
810
Calculate the remainder when 16774599 is divided by 1863843.
12
What is the remainder when 480613 is divided by 336?
133
Calculate the remainder when 17708 is divided by 3802.
2500
Calculate the remainder when 83860964 is divided by 2281.
2280
Calculate the remainder when 159982 is divided by 17703.
655
Calculate the remainder when 143277 is divided by 535.
432
Calculate the remainder when 129261 is divided by 179.
23
What is the remainder when 5987144 is divided by 26?
20
Calculate the remainder when 312060 is divided by 1143.
21
Calculate the remainder when 55960 is divided by 18604.
148
What is the remainder when 9243194 is divided by 9243169?
25
What is the remainder when 1060221 is divided by 176682?
129
Calculate the remainder when 1484438 is divided by 3816.
14
Calculate the remainder when 85013 is divided by 2112.
533
What is the remainder when 6572521 is divided by 163?
35
What is the remainder when 1351003 is divided by 60?
43
What is the remainder when 821595 is divided by 273853?
36
Calculate the remainder when 145265 is divided by 9077.
33
Calculate the remainder when 2597735 is divided by 341.
338
What is the remainder when 3519869 is divided by 471?
86
What is the remainder when 59005 is divided by 3372?
1681
Calculate the remainder when 9216104 is divided by 23631.
14
What is the remainder when 1341824 is divided by 29818?
14
What is the remainder when 876397396 is divided by 25?
21
Calculate the remainder when 104315472 is divided by 282.
6
Calculate the remainder when 4650526 is divided by 1657.
984
What is the remainder when 88582816 is divided by 22145698?
24
Calculate the remainder when 52531841 is divided by 34.
5
Calculate the remainder when 673635313 is divided by 1549.
1546
What is the remainder when 149492922 is divided by 17044?
17042
Calculate the remainder when 2774105 is divided by 75.
5
Calculate the remainder when 30361343 is divided by 156.
155
What is the remainder when 381257 is divided by 624?
617
What is the remainder when 1950944 is divided by 97547?
4
What is the remainder when 319817 is divided by 319776?
41
What is the remainder when 357980 is divided by 325?
155
What is the remainder when 19910620 is divided by 4353?
4351
Calculate the remainder when 189255 is divided by 15768.
39
What is the remainder when 7280982 is divided by 572?
566
What is the remainder when 593935 is divided by 3473?
52
Calculate the remainder when 44181 is divided by 117.
72
What is the remainder when 38180 is divided by 429?
428
Calculate the remainder when 3545120 is divided by 26.
20
Calculate the remainder when 1166694 is divided by 2581.
82
Calculate the remainder when 2602841 is divided by 26.
7
What is the remainder when 10842170 is divided by 1513?
12
What is the remainder when 19411850 is divided by 9705906?
38
Calculate the remainder when 528008 is divided by 6205.
583
What is the remainder when 113915 is divided by 28277?
807
What is the remainder when 24195525 is divided by 178?
163
Calculate the remainder when 113225 is divided by 56611.
3
Calculate the remainder when 5691606 is divided by 1054.
6
Calculate the remainder when 2118822 is divided by 78467.
213
What is the remainder when 208002 is divided by 69206?
384
Calculate the remainder when 1238171 is divided by 51.
44
What is the remainder when 1449042 is divided by 3946?
860
Calculate the remainder when 477329 is divided by 2727.
104
What is the remainder when 6441919 is divided by 16?
15
What is the remainder when 46197277 is divided by 17?
15
What is the remainder when 362484 is divided by 18095?
584
Calculate the remainder when 57835014 is divided by 30.
24
Calculate the remainder when 2010 is divided by 46.
32
What is the remainder when 100757 is divided by 100687?
70
What is the remainder when 495789 is divided by 165229?
102
Calculate the remainder when 278233 is divided by 375.
358
Calculate the remainder when 2585151